{"id":6313,"date":"2022-04-08T07:16:54","date_gmt":"2022-04-08T07:16:54","guid":{"rendered":"https:\/\/patiotime.loftocean.com\/demo-data\/?page_id=6313"},"modified":"2026-01-13T09:26:10","modified_gmt":"2026-01-13T09:26:10","slug":"home-casual-cafe","status":"publish","type":"page","link":"https:\/\/tigr.maxime.app\/","title":{"rendered":"Home &#8211; Casual Cafe"},"content":{"rendered":"\t\t<div data-elementor-type=\"wp-page\" data-elementor-id=\"6313\" class=\"elementor elementor-6313\">\n\t\t\t\t\t\t<section class=\"elementor-section elementor-top-section elementor-element elementor-element-11bc53f pt-section-content-fullwidth pt_scroll_y_80 pt-parallax-on-scroll elementor-section-boxed elementor-section-height-default elementor-section-height-default\" data-id=\"11bc53f\" data-element_type=\"section\" data-settings=\"{&quot;background_background&quot;:&quot;classic&quot;}\" data-pt-parallax-y=\"80\" style=\"background-image: none;\" data-pt-background-image=\"https:\/\/tigr.maxime.app\/wp-content\/uploads\/2026\/01\/DSC09543-scaled-1.jpg\">\n\t\t\t\t\t\t\t<div class=\"elementor-background-overlay\"><\/div>\n\t\t\t\t\t\t\t<div class=\"elementor-container elementor-column-gap-no\">\n\t\t\t\t\t<div class=\"elementor-column elementor-col-100 elementor-top-column elementor-element elementor-element-7794cda7 dark-color\" data-id=\"7794cda7\" data-element_type=\"column\">\n\t\t\t<div class=\"elementor-widget-wrap elementor-element-populated\">\n\t\t\t\t\t\t<div class=\"elementor-element elementor-element-57e59b3d elementor-widget elementor-widget-pt_title\" data-id=\"57e59b3d\" data-element_type=\"widget\" data-widget_type=\"pt_title.default\">\n\t\t\t\t<div class=\"elementor-widget-container\">\n\t\t\t\t\t\n        <div class=\"pt-title-wrap\">\t            <h2 class=\"pt-title\">\n\t                <em>Bienvenue chez<\/em><br><strong>Tigr.<\/strong> Angers\t            <\/h2>\t            <div class=\"pt-title-text\">\n\t                <p>Cuisine fusion, \u00e9l\u00e9gante et contemporaine. Laissez-vous surprendre par des cr\u00e9ations uniques, o\u00f9 tradition et modernit\u00e9 se rencontrent.<\/p>\t            <\/div>        <\/div>\t\t\t\t<\/div>\n\t\t\t\t<\/div>\n\t\t\t\t\t<\/div>\n\t\t<\/div>\n\t\t\t\t\t<\/div>\n\t\t<\/section>\n\t\t\t\t<section class=\"elementor-section elementor-top-section elementor-element elementor-element-3dc40e8d elementor-section-boxed elementor-section-height-default elementor-section-height-default\" data-id=\"3dc40e8d\" data-element_type=\"section\" data-settings=\"{&quot;background_background&quot;:&quot;classic&quot;}\">\n\t\t\t\t\t\t<div class=\"elementor-container elementor-column-gap-no\">\n\t\t\t\t\t<div class=\"elementor-column elementor-col-100 elementor-top-column elementor-element elementor-element-1e932fe6 pt-animation-medium-offset elementor-invisible\" data-id=\"1e932fe6\" data-element_type=\"column\" data-settings=\"{&quot;animation&quot;:&quot;fadeInUp&quot;,&quot;animation_delay&quot;:100}\">\n\t\t\t<div class=\"elementor-widget-wrap elementor-element-populated\">\n\t\t\t\t\t\t<div class=\"elementor-element elementor-element-1cfca4 elementor-widget elementor-widget-pt_gallery\" data-id=\"1cfca4\" data-element_type=\"widget\" data-widget_type=\"pt_gallery.default\">\n\t\t\t\t<div class=\"elementor-widget-container\">\n\t\t\t\t\t\n            <div class=\"pt-gallery gap-5 gallery-grid grid-col-4\">\n                <div class=\"pt-gallery-wrap\">                    <div class=\"pt-gallery-item\"><img fetchpriority=\"high\" decoding=\"async\" width=\"1707\" height=\"2560\" src=\"https:\/\/tigr.maxime.app\/wp-content\/uploads\/2026\/01\/DSC08627-scaled-1.jpg\" class=\"attachment-full size-full wp-image-6549\" alt=\"\" srcset=\"https:\/\/tigr.maxime.app\/wp-content\/uploads\/2026\/01\/DSC08627-scaled-1.jpg 1707w, https:\/\/tigr.maxime.app\/wp-content\/uploads\/2026\/01\/DSC08627-scaled-1-200x300.jpg 200w, https:\/\/tigr.maxime.app\/wp-content\/uploads\/2026\/01\/DSC08627-scaled-1-683x1024.jpg 683w, https:\/\/tigr.maxime.app\/wp-content\/uploads\/2026\/01\/DSC08627-scaled-1-768x1152.jpg 768w, https:\/\/tigr.maxime.app\/wp-content\/uploads\/2026\/01\/DSC08627-scaled-1-1024x1536.jpg 1024w, https:\/\/tigr.maxime.app\/wp-content\/uploads\/2026\/01\/DSC08627-scaled-1-1366x2048.jpg 1366w, https:\/\/tigr.maxime.app\/wp-content\/uploads\/2026\/01\/DSC08627-scaled-1-1440x2160.jpg 1440w, https:\/\/tigr.maxime.app\/wp-content\/uploads\/2026\/01\/DSC08627-scaled-1-1200x1800.jpg 1200w, https:\/\/tigr.maxime.app\/wp-content\/uploads\/2026\/01\/DSC08627-scaled-1-780x1170.jpg 780w, https:\/\/tigr.maxime.app\/wp-content\/uploads\/2026\/01\/DSC08627-scaled-1-600x900.jpg 600w, https:\/\/tigr.maxime.app\/wp-content\/uploads\/2026\/01\/DSC08627-scaled-1-550x825.jpg 550w, https:\/\/tigr.maxime.app\/wp-content\/uploads\/2026\/01\/DSC08627-scaled-1-370x555.jpg 370w, https:\/\/tigr.maxime.app\/wp-content\/uploads\/2026\/01\/DSC08627-scaled-1-255x382.jpg 255w, https:\/\/tigr.maxime.app\/wp-content\/uploads\/2026\/01\/DSC08627-scaled-1-100x150.jpg 100w\" sizes=\"(max-width: 1707px) 100vw, 1707px\" \/>                    <\/div>                    <div class=\"pt-gallery-item\"><img decoding=\"async\" width=\"1707\" height=\"2560\" src=\"https:\/\/tigr.maxime.app\/wp-content\/uploads\/2026\/01\/DSC09590-1920x2880-1-scaled.jpg\" class=\"attachment-full size-full wp-image-6552\" alt=\"\" srcset=\"https:\/\/tigr.maxime.app\/wp-content\/uploads\/2026\/01\/DSC09590-1920x2880-1-scaled.jpg 1707w, https:\/\/tigr.maxime.app\/wp-content\/uploads\/2026\/01\/DSC09590-1920x2880-1-200x300.jpg 200w, https:\/\/tigr.maxime.app\/wp-content\/uploads\/2026\/01\/DSC09590-1920x2880-1-683x1024.jpg 683w, https:\/\/tigr.maxime.app\/wp-content\/uploads\/2026\/01\/DSC09590-1920x2880-1-768x1152.jpg 768w, https:\/\/tigr.maxime.app\/wp-content\/uploads\/2026\/01\/DSC09590-1920x2880-1-1024x1536.jpg 1024w, https:\/\/tigr.maxime.app\/wp-content\/uploads\/2026\/01\/DSC09590-1920x2880-1-1365x2048.jpg 1365w, https:\/\/tigr.maxime.app\/wp-content\/uploads\/2026\/01\/DSC09590-1920x2880-1-1440x2160.jpg 1440w, https:\/\/tigr.maxime.app\/wp-content\/uploads\/2026\/01\/DSC09590-1920x2880-1-1200x1800.jpg 1200w, https:\/\/tigr.maxime.app\/wp-content\/uploads\/2026\/01\/DSC09590-1920x2880-1-780x1170.jpg 780w, https:\/\/tigr.maxime.app\/wp-content\/uploads\/2026\/01\/DSC09590-1920x2880-1-600x900.jpg 600w, https:\/\/tigr.maxime.app\/wp-content\/uploads\/2026\/01\/DSC09590-1920x2880-1-550x825.jpg 550w, https:\/\/tigr.maxime.app\/wp-content\/uploads\/2026\/01\/DSC09590-1920x2880-1-370x555.jpg 370w, https:\/\/tigr.maxime.app\/wp-content\/uploads\/2026\/01\/DSC09590-1920x2880-1-255x383.jpg 255w, https:\/\/tigr.maxime.app\/wp-content\/uploads\/2026\/01\/DSC09590-1920x2880-1-100x150.jpg 100w\" sizes=\"(max-width: 1707px) 100vw, 1707px\" \/>                    <\/div>                    <div class=\"pt-gallery-item\"><img decoding=\"async\" width=\"1707\" height=\"2560\" src=\"https:\/\/tigr.maxime.app\/wp-content\/uploads\/2026\/01\/DSC07532-1920x2880-1-scaled.jpg\" class=\"attachment-full size-full wp-image-6545\" alt=\"\" srcset=\"https:\/\/tigr.maxime.app\/wp-content\/uploads\/2026\/01\/DSC07532-1920x2880-1-scaled.jpg 1707w, https:\/\/tigr.maxime.app\/wp-content\/uploads\/2026\/01\/DSC07532-1920x2880-1-200x300.jpg 200w, https:\/\/tigr.maxime.app\/wp-content\/uploads\/2026\/01\/DSC07532-1920x2880-1-683x1024.jpg 683w, https:\/\/tigr.maxime.app\/wp-content\/uploads\/2026\/01\/DSC07532-1920x2880-1-768x1152.jpg 768w, https:\/\/tigr.maxime.app\/wp-content\/uploads\/2026\/01\/DSC07532-1920x2880-1-1024x1536.jpg 1024w, https:\/\/tigr.maxime.app\/wp-content\/uploads\/2026\/01\/DSC07532-1920x2880-1-1365x2048.jpg 1365w, https:\/\/tigr.maxime.app\/wp-content\/uploads\/2026\/01\/DSC07532-1920x2880-1-1440x2160.jpg 1440w, https:\/\/tigr.maxime.app\/wp-content\/uploads\/2026\/01\/DSC07532-1920x2880-1-1200x1800.jpg 1200w, https:\/\/tigr.maxime.app\/wp-content\/uploads\/2026\/01\/DSC07532-1920x2880-1-780x1170.jpg 780w, https:\/\/tigr.maxime.app\/wp-content\/uploads\/2026\/01\/DSC07532-1920x2880-1-600x900.jpg 600w, https:\/\/tigr.maxime.app\/wp-content\/uploads\/2026\/01\/DSC07532-1920x2880-1-550x825.jpg 550w, https:\/\/tigr.maxime.app\/wp-content\/uploads\/2026\/01\/DSC07532-1920x2880-1-370x555.jpg 370w, https:\/\/tigr.maxime.app\/wp-content\/uploads\/2026\/01\/DSC07532-1920x2880-1-255x383.jpg 255w, https:\/\/tigr.maxime.app\/wp-content\/uploads\/2026\/01\/DSC07532-1920x2880-1-100x150.jpg 100w\" sizes=\"(max-width: 1707px) 100vw, 1707px\" \/>                    <\/div>                    <div class=\"pt-gallery-item\"><img loading=\"lazy\" decoding=\"async\" width=\"1707\" height=\"2560\" src=\"https:\/\/tigr.maxime.app\/wp-content\/uploads\/2026\/01\/DSC09487-scaled-1.jpg\" class=\"attachment-full size-full wp-image-6550\" alt=\"\" srcset=\"https:\/\/tigr.maxime.app\/wp-content\/uploads\/2026\/01\/DSC09487-scaled-1.jpg 1707w, https:\/\/tigr.maxime.app\/wp-content\/uploads\/2026\/01\/DSC09487-scaled-1-200x300.jpg 200w, https:\/\/tigr.maxime.app\/wp-content\/uploads\/2026\/01\/DSC09487-scaled-1-683x1024.jpg 683w, https:\/\/tigr.maxime.app\/wp-content\/uploads\/2026\/01\/DSC09487-scaled-1-768x1152.jpg 768w, https:\/\/tigr.maxime.app\/wp-content\/uploads\/2026\/01\/DSC09487-scaled-1-1024x1536.jpg 1024w, https:\/\/tigr.maxime.app\/wp-content\/uploads\/2026\/01\/DSC09487-scaled-1-1366x2048.jpg 1366w, https:\/\/tigr.maxime.app\/wp-content\/uploads\/2026\/01\/DSC09487-scaled-1-1440x2160.jpg 1440w, https:\/\/tigr.maxime.app\/wp-content\/uploads\/2026\/01\/DSC09487-scaled-1-1200x1800.jpg 1200w, https:\/\/tigr.maxime.app\/wp-content\/uploads\/2026\/01\/DSC09487-scaled-1-780x1170.jpg 780w, https:\/\/tigr.maxime.app\/wp-content\/uploads\/2026\/01\/DSC09487-scaled-1-600x900.jpg 600w, https:\/\/tigr.maxime.app\/wp-content\/uploads\/2026\/01\/DSC09487-scaled-1-550x825.jpg 550w, https:\/\/tigr.maxime.app\/wp-content\/uploads\/2026\/01\/DSC09487-scaled-1-370x555.jpg 370w, https:\/\/tigr.maxime.app\/wp-content\/uploads\/2026\/01\/DSC09487-scaled-1-255x382.jpg 255w, https:\/\/tigr.maxime.app\/wp-content\/uploads\/2026\/01\/DSC09487-scaled-1-100x150.jpg 100w\" sizes=\"(max-width: 1707px) 100vw, 1707px\" \/>                    <\/div>                <\/div>\n            <\/div>\t\t\t\t<\/div>\n\t\t\t\t<\/div>\n\t\t\t\t\t<\/div>\n\t\t<\/div>\n\t\t\t\t\t<\/div>\n\t\t<\/section>\n\t\t\t\t<section class=\"elementor-section elementor-top-section elementor-element elementor-element-493bc4af elementor-section-boxed elementor-section-height-default elementor-section-height-default elementor-invisible\" data-id=\"493bc4af\" data-element_type=\"section\" data-settings=\"{&quot;animation&quot;:&quot;fadeIn&quot;,&quot;animation_delay&quot;:400}\">\n\t\t\t\t\t\t<div class=\"elementor-container elementor-column-gap-no\">\n\t\t\t\t\t<div class=\"elementor-column elementor-col-100 elementor-top-column elementor-element elementor-element-65841440\" data-id=\"65841440\" data-element_type=\"column\">\n\t\t\t<div class=\"elementor-widget-wrap elementor-element-populated\">\n\t\t\t\t\t\t<div class=\"elementor-element elementor-element-12d55ec9 elementor-widget__width-auto elementor-widget elementor-widget-pt_button\" data-id=\"12d55ec9\" data-element_type=\"widget\" data-widget_type=\"pt_button.default\">\n\t\t\t\t<div class=\"elementor-widget-container\">\n\t\t\t\t\t        <a href=\"#\" class=\"elementor-button-link button pt-btn-outline pt-btn-color-primary\" role=\"button\">\n            <span class=\"pt-btn-text\">Nos plats et boissons<\/span>\n        <\/a>\t\t\t\t<\/div>\n\t\t\t\t<\/div>\n\t\t\t\t<div class=\"elementor-element elementor-element-71e47fcc elementor-widget__width-auto elementor-widget elementor-widget-pt_button\" data-id=\"71e47fcc\" data-element_type=\"widget\" data-widget_type=\"pt_button.default\">\n\t\t\t\t<div class=\"elementor-widget-container\">\n\t\t\t\t\t        <a href=\"#\" class=\"elementor-button-link button pt-btn-outline pt-btn-color-primary\" role=\"button\">\n            <span class=\"pt-btn-text\">Nos desserts<\/span>\n        <\/a>\t\t\t\t<\/div>\n\t\t\t\t<\/div>\n\t\t\t\t\t<\/div>\n\t\t<\/div>\n\t\t\t\t\t<\/div>\n\t\t<\/section>\n\t\t\t\t<section class=\"elementor-section elementor-top-section elementor-element elementor-element-2e1c0fce elementor-section-full_width pt-section-content-fullwidth pt_scroll_y_80 pt-parallax-on-scroll elementor-section-height-default elementor-section-height-default\" data-id=\"2e1c0fce\" data-element_type=\"section\" data-settings=\"{&quot;background_background&quot;:&quot;classic&quot;}\" data-pt-parallax-y=\"80\" style=\"background-image: none;\" data-pt-background-image=\"https:\/\/tigr.maxime.app\/wp-content\/uploads\/2026\/01\/DSC09608-scaled-1.jpg\">\n\t\t\t\t\t\t\t<div class=\"elementor-background-overlay\"><\/div>\n\t\t\t\t\t\t\t<div class=\"elementor-container elementor-column-gap-no\">\n\t\t\t\t\t<div class=\"elementor-column elementor-col-100 elementor-top-column elementor-element elementor-element-26c0dbd8\" data-id=\"26c0dbd8\" data-element_type=\"column\">\n\t\t\t<div class=\"elementor-widget-wrap elementor-element-populated\">\n\t\t\t\t\t\t<div class=\"elementor-widget-image elementor-element elementor-element-10dd4c5a elementor-widget elementor-widget-pt_image\" data-id=\"10dd4c5a\" data-element_type=\"widget\" data-widget_type=\"pt_image.default\">\n\t\t\t\t<div class=\"elementor-widget-container\">\n\t\t\t\t\t                                        <img decoding=\"async\" src=\"https:\/\/tigr.maxime.app\/wp-content\/uploads\/2026\/01\/logo-typo-effet-use-blanc.png\" title=\"logo-typo-effet-use-blanc\" alt=\"logo-typo-effet-use-blanc\" loading=\"lazy\" \/>                                            \t\t\t\t<\/div>\n\t\t\t\t<\/div>\n\t\t\t\t\t<\/div>\n\t\t<\/div>\n\t\t\t\t\t<\/div>\n\t\t<\/section>\n\t\t\t\t<section class=\"elementor-section elementor-top-section elementor-element elementor-element-63bcca8 elementor-section-boxed elementor-section-height-default elementor-section-height-default\" data-id=\"63bcca8\" data-element_type=\"section\" data-settings=\"{&quot;background_background&quot;:&quot;classic&quot;}\">\n\t\t\t\t\t\t<div class=\"elementor-container elementor-column-gap-no\">\n\t\t\t\t\t<div class=\"elementor-column elementor-col-50 elementor-top-column elementor-element elementor-element-1ba74cb\" data-id=\"1ba74cb\" data-element_type=\"column\">\n\t\t\t<div class=\"elementor-widget-wrap elementor-element-populated\">\n\t\t\t\t\t\t<div class=\"elementor-element elementor-element-1cd9d6b6 elementor-widget elementor-widget-pt_gallery\" data-id=\"1cd9d6b6\" data-element_type=\"widget\" data-widget_type=\"pt_gallery.default\">\n\t\t\t\t<div class=\"elementor-widget-container\">\n\t\t\t\t\t\n            <div class=\"pt-gallery gap-5 gallery-grid grid-col-3\">\n                <div class=\"pt-gallery-wrap\">                    <div class=\"pt-gallery-item\">                            <a href=\"https:\/\/tigr.maxime.app\/wp-content\/uploads\/2026\/01\/A740214-1920x2880-1-scaled.jpg\" data-elementor-open-lightbox=\"yes\" data-elementor-lightbox-slideshow=\"1cd9d6b6\" data-elementor-lightbox-title=\"A740214-1920x2880\" data-e-action-hash=\"#elementor-action%3Aaction%3Dlightbox%26settings%3DeyJpZCI6NjU1MywidXJsIjoiaHR0cHM6XC9cL3RpZ3IubWF4aW1lLmFwcFwvd3AtY29udGVudFwvdXBsb2Fkc1wvMjAyNlwvMDFcL0E3NDAyMTQtMTkyMHgyODgwLTEtc2NhbGVkLmpwZyIsInNsaWRlc2hvdyI6IjFjZDlkNmI2In0%3D\"><img loading=\"lazy\" decoding=\"async\" width=\"370\" height=\"555\" src=\"https:\/\/tigr.maxime.app\/wp-content\/uploads\/2026\/01\/A740214-1920x2880-1-370x555.jpg\" class=\"attachment-patiotime_370x9999 size-patiotime_370x9999 wp-image-6553\" alt=\"\" srcset=\"https:\/\/tigr.maxime.app\/wp-content\/uploads\/2026\/01\/A740214-1920x2880-1-370x555.jpg 370w, https:\/\/tigr.maxime.app\/wp-content\/uploads\/2026\/01\/A740214-1920x2880-1-200x300.jpg 200w, https:\/\/tigr.maxime.app\/wp-content\/uploads\/2026\/01\/A740214-1920x2880-1-683x1024.jpg 683w, https:\/\/tigr.maxime.app\/wp-content\/uploads\/2026\/01\/A740214-1920x2880-1-768x1152.jpg 768w, https:\/\/tigr.maxime.app\/wp-content\/uploads\/2026\/01\/A740214-1920x2880-1-1024x1536.jpg 1024w, https:\/\/tigr.maxime.app\/wp-content\/uploads\/2026\/01\/A740214-1920x2880-1-1365x2048.jpg 1365w, https:\/\/tigr.maxime.app\/wp-content\/uploads\/2026\/01\/A740214-1920x2880-1-1440x2160.jpg 1440w, https:\/\/tigr.maxime.app\/wp-content\/uploads\/2026\/01\/A740214-1920x2880-1-1200x1800.jpg 1200w, https:\/\/tigr.maxime.app\/wp-content\/uploads\/2026\/01\/A740214-1920x2880-1-780x1170.jpg 780w, https:\/\/tigr.maxime.app\/wp-content\/uploads\/2026\/01\/A740214-1920x2880-1-600x900.jpg 600w, https:\/\/tigr.maxime.app\/wp-content\/uploads\/2026\/01\/A740214-1920x2880-1-550x825.jpg 550w, https:\/\/tigr.maxime.app\/wp-content\/uploads\/2026\/01\/A740214-1920x2880-1-255x383.jpg 255w, https:\/\/tigr.maxime.app\/wp-content\/uploads\/2026\/01\/A740214-1920x2880-1-100x150.jpg 100w, https:\/\/tigr.maxime.app\/wp-content\/uploads\/2026\/01\/A740214-1920x2880-1-scaled.jpg 1707w\" sizes=\"(max-width: 370px) 100vw, 370px\" \/><\/a>                    <\/div>                    <div class=\"pt-gallery-item\">                            <a href=\"https:\/\/tigr.maxime.app\/wp-content\/uploads\/2026\/01\/DSC09487-scaled-1.jpg\" data-elementor-open-lightbox=\"yes\" data-elementor-lightbox-slideshow=\"1cd9d6b6\" data-elementor-lightbox-title=\"DSC09487-scaled\" data-e-action-hash=\"#elementor-action%3Aaction%3Dlightbox%26settings%3DeyJpZCI6NjU1MCwidXJsIjoiaHR0cHM6XC9cL3RpZ3IubWF4aW1lLmFwcFwvd3AtY29udGVudFwvdXBsb2Fkc1wvMjAyNlwvMDFcL0RTQzA5NDg3LXNjYWxlZC0xLmpwZyIsInNsaWRlc2hvdyI6IjFjZDlkNmI2In0%3D\"><img loading=\"lazy\" decoding=\"async\" width=\"370\" height=\"555\" src=\"https:\/\/tigr.maxime.app\/wp-content\/uploads\/2026\/01\/DSC09487-scaled-1-370x555.jpg\" class=\"attachment-patiotime_370x9999 size-patiotime_370x9999 wp-image-6550\" alt=\"\" srcset=\"https:\/\/tigr.maxime.app\/wp-content\/uploads\/2026\/01\/DSC09487-scaled-1-370x555.jpg 370w, https:\/\/tigr.maxime.app\/wp-content\/uploads\/2026\/01\/DSC09487-scaled-1-200x300.jpg 200w, https:\/\/tigr.maxime.app\/wp-content\/uploads\/2026\/01\/DSC09487-scaled-1-683x1024.jpg 683w, https:\/\/tigr.maxime.app\/wp-content\/uploads\/2026\/01\/DSC09487-scaled-1-768x1152.jpg 768w, https:\/\/tigr.maxime.app\/wp-content\/uploads\/2026\/01\/DSC09487-scaled-1-1024x1536.jpg 1024w, https:\/\/tigr.maxime.app\/wp-content\/uploads\/2026\/01\/DSC09487-scaled-1-1366x2048.jpg 1366w, https:\/\/tigr.maxime.app\/wp-content\/uploads\/2026\/01\/DSC09487-scaled-1-1440x2160.jpg 1440w, https:\/\/tigr.maxime.app\/wp-content\/uploads\/2026\/01\/DSC09487-scaled-1-1200x1800.jpg 1200w, https:\/\/tigr.maxime.app\/wp-content\/uploads\/2026\/01\/DSC09487-scaled-1-780x1170.jpg 780w, https:\/\/tigr.maxime.app\/wp-content\/uploads\/2026\/01\/DSC09487-scaled-1-600x900.jpg 600w, https:\/\/tigr.maxime.app\/wp-content\/uploads\/2026\/01\/DSC09487-scaled-1-550x825.jpg 550w, https:\/\/tigr.maxime.app\/wp-content\/uploads\/2026\/01\/DSC09487-scaled-1-255x382.jpg 255w, https:\/\/tigr.maxime.app\/wp-content\/uploads\/2026\/01\/DSC09487-scaled-1-100x150.jpg 100w, https:\/\/tigr.maxime.app\/wp-content\/uploads\/2026\/01\/DSC09487-scaled-1.jpg 1707w\" sizes=\"(max-width: 370px) 100vw, 370px\" \/><\/a>                    <\/div>                    <div class=\"pt-gallery-item\">                            <a href=\"https:\/\/tigr.maxime.app\/wp-content\/uploads\/2026\/01\/DSC08022-1920x2880-1-scaled.jpg\" data-elementor-open-lightbox=\"yes\" data-elementor-lightbox-slideshow=\"1cd9d6b6\" data-elementor-lightbox-title=\"DSC08022-1920x2880\" data-e-action-hash=\"#elementor-action%3Aaction%3Dlightbox%26settings%3DeyJpZCI6NjU0NiwidXJsIjoiaHR0cHM6XC9cL3RpZ3IubWF4aW1lLmFwcFwvd3AtY29udGVudFwvdXBsb2Fkc1wvMjAyNlwvMDFcL0RTQzA4MDIyLTE5MjB4Mjg4MC0xLXNjYWxlZC5qcGciLCJzbGlkZXNob3ciOiIxY2Q5ZDZiNiJ9\"><img loading=\"lazy\" decoding=\"async\" width=\"370\" height=\"555\" src=\"https:\/\/tigr.maxime.app\/wp-content\/uploads\/2026\/01\/DSC08022-1920x2880-1-370x555.jpg\" class=\"attachment-patiotime_370x9999 size-patiotime_370x9999 wp-image-6546\" alt=\"\" srcset=\"https:\/\/tigr.maxime.app\/wp-content\/uploads\/2026\/01\/DSC08022-1920x2880-1-370x555.jpg 370w, https:\/\/tigr.maxime.app\/wp-content\/uploads\/2026\/01\/DSC08022-1920x2880-1-200x300.jpg 200w, https:\/\/tigr.maxime.app\/wp-content\/uploads\/2026\/01\/DSC08022-1920x2880-1-683x1024.jpg 683w, https:\/\/tigr.maxime.app\/wp-content\/uploads\/2026\/01\/DSC08022-1920x2880-1-768x1152.jpg 768w, https:\/\/tigr.maxime.app\/wp-content\/uploads\/2026\/01\/DSC08022-1920x2880-1-1024x1536.jpg 1024w, https:\/\/tigr.maxime.app\/wp-content\/uploads\/2026\/01\/DSC08022-1920x2880-1-1365x2048.jpg 1365w, https:\/\/tigr.maxime.app\/wp-content\/uploads\/2026\/01\/DSC08022-1920x2880-1-1440x2160.jpg 1440w, https:\/\/tigr.maxime.app\/wp-content\/uploads\/2026\/01\/DSC08022-1920x2880-1-1200x1800.jpg 1200w, https:\/\/tigr.maxime.app\/wp-content\/uploads\/2026\/01\/DSC08022-1920x2880-1-780x1170.jpg 780w, https:\/\/tigr.maxime.app\/wp-content\/uploads\/2026\/01\/DSC08022-1920x2880-1-600x900.jpg 600w, https:\/\/tigr.maxime.app\/wp-content\/uploads\/2026\/01\/DSC08022-1920x2880-1-550x825.jpg 550w, https:\/\/tigr.maxime.app\/wp-content\/uploads\/2026\/01\/DSC08022-1920x2880-1-255x383.jpg 255w, https:\/\/tigr.maxime.app\/wp-content\/uploads\/2026\/01\/DSC08022-1920x2880-1-100x150.jpg 100w, https:\/\/tigr.maxime.app\/wp-content\/uploads\/2026\/01\/DSC08022-1920x2880-1-scaled.jpg 1707w\" sizes=\"(max-width: 370px) 100vw, 370px\" \/><\/a>                    <\/div>                <\/div>\n            <\/div>\t\t\t\t<\/div>\n\t\t\t\t<\/div>\n\t\t\t\t\t<\/div>\n\t\t<\/div>\n\t\t\t\t<div class=\"elementor-column elementor-col-50 elementor-top-column elementor-element elementor-element-3967726f\" data-id=\"3967726f\" data-element_type=\"column\">\n\t\t\t<div class=\"elementor-widget-wrap elementor-element-populated\">\n\t\t\t\t\t\t<div class=\"elementor-element elementor-element-6c7bae5f animated-fast pt-animation-small-offset elementor-invisible elementor-widget elementor-widget-pt_title\" data-id=\"6c7bae5f\" data-element_type=\"widget\" data-settings=\"{&quot;_animation&quot;:&quot;fadeInRight&quot;,&quot;_animation_delay&quot;:200}\" data-widget_type=\"pt_title.default\">\n\t\t\t\t<div class=\"elementor-widget-container\">\n\t\t\t\t\t\n        <div class=\"pt-title-wrap text-center\">\t            <div class=\"pt-subtitle-wrap\"><span class=\"pt-subtitle\">Tigr.<\/span><\/div>\t            <h5 class=\"pt-title\">\n\t                Notre cuisine\t            <\/h5>\t            <div class=\"pt-title-text\">\n\t                <p>Plats fusion \u00e9l\u00e9gants et contemporains, ingr\u00e9dients frais et audacieux, cocktails raffin\u00e9s : chaque bouch\u00e9e est une invitation au voyage.<\/p>\n<p>Install\u00e9s \u00e0 deux pas du ch\u00e2teau d\u2019Angers, nous vous proposons une exp\u00e9rience culinaire chaleureuse, festive et inoubliable, que ce soit pour un d\u00e9jeuner, un d\u00eener ou un moment entre amis, en famille ou en amoureux.<\/p>\t            <\/div>        <\/div>\t\t\t\t<\/div>\n\t\t\t\t<\/div>\n\t\t\t\t\t<\/div>\n\t\t<\/div>\n\t\t\t\t\t<\/div>\n\t\t<\/section>\n\t\t\t\t<\/div>\n\t\t","protected":false},"excerpt":{"rendered":"<p>Bienvenue chezTigr. Angers Cuisine fusion, \u00e9l\u00e9gante et contemporaine. Laissez-vous surprendre par des cr\u00e9ations uniques, o\u00f9 tradition et modernit\u00e9 se rencontrent. Nos plats et boissons Nos desserts Tigr. Notre cuisine Plats fusion \u00e9l\u00e9gants et contemporains, ingr\u00e9dients frais et audacieux, cocktails raffin\u00e9s : chaque bouch\u00e9e est une invitation au voyage. Install\u00e9s \u00e0 deux pas du ch\u00e2teau d\u2019Angers, &#8230;<\/p>\n","protected":false},"author":1,"featured_media":0,"parent":0,"menu_order":0,"comment_status":"closed","ping_status":"closed","template":"template-wide-content.php","meta":{"patiotime_single_page_hide_site_header":"","patiotime_single_page_site_header_source":"","patiotime_single_page_custom_site_header":"0","patiotime_single_page_custom_sticky_site_header":"0","patiotime_single_page_custom_page_title_margin_top_source":"","patiotime_single_page_custom_page_title_desktop_margin_top":"","patiotime_single_page_custom_page_title_tablet_margin_top":"","patiotime_single_page_custom_page_title_mobile_margin_top":"","patiotime_single_page_hide_page_title":"on","patiotime_single_page_header_section_size":"","patiotime_single_page_header_background_color":"","patiotime_single_page_header_background_position_x":"center","patiotime_single_page_header_background_position_y":"center","patiotime_single_page_header_background_size":"cover","patiotime_single_page_header_background_repeat":"off","patiotime_single_page_header_background_scroll":"on","patiotime_single_page_header_text_color":"","patiotime_single_page_header_show_breadcrumb":"","patiotime_single_page_site_footer_hide_main":"","patiotime_single_custom_site_footer_main_source":"","patiotime_single_custom_site_footer_main":"0","patiotime_single_page_site_footer_hide_above":"","patiotime_single_custom_site_footer_above_source":"","patiotime_single_custom_site_footer_above":"0","patiotime_single_page_site_footer_hide_instagram":"","patiotime_single_page_site_footer_hide_bottom":"","patiotime_single_custom_mobile_menu_source":"","patiotime_single_custom_mobile_menu":"0","patiotime_single_custom_mobile_menu_animation":"","patiotime_single_custom_mobile_menu_width":"","patiotime_single_custom_mobile_menu_custom_width":375,"footnotes":""},"class_list":["post-6313","page","type-page","status-publish","hentry"],"_links":{"self":[{"href":"https:\/\/tigr.maxime.app\/index.php\/wp-json\/wp\/v2\/pages\/6313","targetHints":{"allow":["GET"]}}],"collection":[{"href":"https:\/\/tigr.maxime.app\/index.php\/wp-json\/wp\/v2\/pages"}],"about":[{"href":"https:\/\/tigr.maxime.app\/index.php\/wp-json\/wp\/v2\/types\/page"}],"author":[{"embeddable":true,"href":"https:\/\/tigr.maxime.app\/index.php\/wp-json\/wp\/v2\/users\/1"}],"replies":[{"embeddable":true,"href":"https:\/\/tigr.maxime.app\/index.php\/wp-json\/wp\/v2\/comments?post=6313"}],"version-history":[{"count":16,"href":"https:\/\/tigr.maxime.app\/index.php\/wp-json\/wp\/v2\/pages\/6313\/revisions"}],"predecessor-version":[{"id":6576,"href":"https:\/\/tigr.maxime.app\/index.php\/wp-json\/wp\/v2\/pages\/6313\/revisions\/6576"}],"wp:attachment":[{"href":"https:\/\/tigr.maxime.app\/index.php\/wp-json\/wp\/v2\/media?parent=6313"}],"curies":[{"name":"wp","href":"https:\/\/api.w.org\/{rel}","templated":true}]}}